e of -v**3/6 + 7*v**2 - 1458*v - 2. Give t(i).
0
Let q(k) be the first derivative of k**5/20 - 5*k**4/12 - 7*k**2/2 + 50*k - 33. Let f(s) be the first derivative of q(s). Suppose 5 = 2*m - m. What is f(m)?
-7
Let k(a) = -a - 17. Let l(z) = -z + 12. Let s be l(8). Suppose -s = -4*c - 20. Let n be c/(4 + -3) + 4. Calculate k(n).
-17
Let f(j) be the first derivative of 3*j**2/2 - 3*j + 2. Suppose -3*i - 4*k - 3 = -3*k, 3*k = 9. Let g be (3 + i + 5)/2. Give f(g).
6
Let s(v) = 3*v**3 - 3*v**2 + 5. Let k(i) = -4*i**3 + 4*i**2 - 6. Let q(t) = 4*k(t) + 5*s(t). Suppose -639*a = -910*a + 542. Give q(a).
-3
Let t be (-2)/6*216/(-4). Let h = t + -21. Let n(v) = -v**2 - 4*v. What is n(h)?
3
Let v = 52 + -17. Let y(d) = -15*d**2 - d - 5*d + v*d**2 - 19*d**2 + 4. Determine y(4).
-4
Suppose 96 - 170 = -9*f + 5*c, -4*f - 2*c = -16. Let z(k) = -k. Let p(y) = -7*y + 7. Let b(g) = p(g) - 6*z(g). What is b(f)?
1
Let x(z) = -z**3 - 7*z**2 - 7*z - 7. Let o(j) = -10*j - 36. Let f be 56/16*-1 - 3/(-6). Let m be o(f). Calculate x(m).
-1
Let q(r) = 4 - 23*r - 39*r - 18*r + 96*r - 19*r + r**2. Determine q(7).
32
Let q = -32 - -42. Let k(l) = l**2 + 10*l - 14. Let x be k(-12). Let w(b) = 11*b - 2*b - x*b + 6. Calculate w(q).
-4
Let n(a) be the second derivative of 0 + 291*a + 27/2*a**2 + 5/6*a**3. Calculate n(-5).
2
Let l(w) be the first derivative of w**2 - 13*w - 5640. Determine l(8).
3
Let p(y) = 39060 + 4*y - 39066 + y**2 - 3*y. Suppose -q = 2*g + 4*q - 19, 2*q = g + 4. What is p(g)?
0
Suppose -61*q - 24 = -67*q. Let b(c) be the first derivative of -3*c**2/2 - 3*c + 21. Determine b(q).
-15
Let b(d) = -3*d**3 - 2*d**2 + 2*d - 1. Suppose 0 = 3*c + 2*p - 43, 2*c - p - 32 = -4*p. Suppose -13*v + 26 = c. What is b(v)?
-4
Let n(m) = -2*m + 17. Suppose 4*s - 4 = 4*v, -4*s + 2*v - 6 = -18. Let b(d) = -2*d + 17. Let i(r) = s*b(r) - 4*n(r). Calculate i(10).
-3
Let n(y) = 4*y**2 + 2*y - 1. Suppose -4*r = -3*k - 10, 6 = -4*k + 2*r - 4. What is n(k)?
11
Let u(b) = b**2 + 6*b + 4. Let j = -3107 + 3101. Give u(j).
4
Let d(s) = -s**3 + 8*s**2 - 2. Suppose -1274 = -11*h + 266. Let j be h/18 + (-8)/(-36). Give d(j).
-2
Let j(n) = 14*n + 575. Let w(r) = 821*r + 4064. Let o be w(-5). Give j(o).
1
Let q = 14504 - 14507. Let x(w) = 3*w**2 + 8*w + 4. What is x(q)?
7
Let v(p) = -263*p + 2 + 266*p - 3 - 7*p**2 - 4. Determine v(-4).
-129
Let t(r) be the third derivative of -r**6/120 + r**5/60 + 13*r**4/24 - 2*r**3/3 + 10385*r**2. What is t(-3)?
-7
Let n = -4601 - -4599. Let h(d) = 5*d**2 + 3*d + 9. Let g(v) = 2*v**2 + v + 3. Let s(w) = -7*g(w) + 2*h(w). Calculate s(n).
-17
Let f(y) be the second derivative of y**5/20 + y**4/3 + 5*y**3/6 + 3*y**2/2 + 2*y - 44. Let s be f(-3). Let k(j) = -4*j**2 + j + 2. Give k(s).
-37
Let l(b) = -7*b**3 - 6*b**2 + 3*b - 10. Let m(q) = 11*q**3 + 10*q**2 - 3*q + 15. Let u(d) = 8*l(d) + 5*m(d). Calculate u(-2).
-7
Let j(b) = 23 + 1483*b**3 + 1482*b**3 - 14*b**2 - 2964*b**3. Give j(14).
23
Let h(g) = 376*g**2 - 183*g**2 + 3*g + 12*g - 192*g**2 + 33. Determine h(-16).
49
Let m(b) = 51*b**3 + 6*b**2 - 9*b - 4. Let v be m(3). Suppose -8*s + 1416 = v. Let r(h) = -h**3 + 2*h**2 - 2*h - 2. Give r(s).
-6
Let u(k) = -307*k**3 - 2*k**2 + 5*k - 2. Let y(r) = -153*r**3 + r**2 - 1. Let l(f) = u(f) - 2*y(f). Suppose -b - 12 = 2*b. Determine l(b).
-20
Let m(v) = -7*v**3 + v - 2. Let l(b) = -29*b**3 + 5*b**2 + 5*b - 10. Let n(r) = -l(r) + 4*m(r). Determine n(7).
93
Let l(w) be the second derivative of w**3/6 - w**2 + 40*w. Suppose 3*d = -o + 3*o - 35, -3*o = 3*d + 45. Let r = -13 - d. Give l(r).
-2
Suppose 2*c = -s + 5, 2*s - 14 = 3*c - 11. Let i(k) = -5*k. Calculate i(c).
-5
Let l be (-99)/(-132)*(-176)/(-6). Suppose l = 4*x + 3*n, 3*x + 4 = -5*n + 26. Let k(q) = q**3 - 4*q**2 + 3*q - 3. What is k(x)?
9
Let p be ((-18)/(-15))/(18/45). Let n(s) = -p*s**2 - 177*s + 181*s + 4*s**2 + 6. Let t(a) = -a**3 + 8*a**2 - 5. Let v be t(8). What is n(v)?
11
Let b(g) = -g**3 + 4*g**2 - 2*g - 2. Let j be 12*(-2)/16*-4. Let s be 4*(3/(-9) + j/(-9)). Let z(r) = -5*r - 16. Let k be z(s). Give b(k).
-10
Let x(q) = -10*q + 469. Let g(f) = -5*f + 209. Let a(m) = 7*g(m) - 3*x(m). Calculate a(8).
16
Let i(r) = -r**3 + 3*r**2 + r + 7. Suppose -106 = 18*j - 43*j + 19. What is i(j)?
-38
Let r(k) = -29*k**2 + 20*k**3 - 9 - 21*k**3 - 16*k + 4*k + 18*k**2. What is r(-10)?
11
Suppose -2*o + 2*g - 3*g + 3 = 0, 5*o + 5*g + 5 = 0. Let z(y) = -10*y + 14. Give z(o).
-26
Let x(s) be the third derivative of s**5/30 - 3*s**4/4 - 5*s**3/3 - 4509*s**2. Calculate x(8).
-26
Let p(z) = z**2 - 4*z + 1. Let r(m) = m**3 + 6*m**2 - 7*m + 2. Suppose -189 = 47*x - 20*x. Let u be r(x). Give p(u).
-3
Let l be -1 + 1260/(-50)*(-5)/3. Let h(y) = y**3 - 43*y**2 + 81*y + 39. What is h(l)?
-2
Let v(g) = -3*g - 27. Let d be 249/(-18) + (-19)/114. What is v(d)?
15
Let h(i) = -i + 10. Let w(g) = g**3 + 15*g**2 + 10*g + 14. Let y be w(-14). Suppose 5*n - 25 + y = 0. Let b = n + 17. Give h(b).
2
Let c be 5 - (6 - 15/5). Let i(a) = -16*a**2 - 3 + 7*a**2 + 2*a**c + 8*a**2. Suppose 0*v - 18*v - 54 = 0. What is i(v)?
6
Let z(k) = -4*k**2 + 3*k - 8. Let c(y) = -9*y**2 + 6*y - 18. Let d(j) = -j**3 - 11*j**2 - 9*j + 3. Let t be d(-10). Let m(p) = t*z(p) + 3*c(p). Give m(5).
12
Let o(c) = 18*c - 65. Let r(v) = 9*v - 66. Let m(p) = 2*o(p) - 3*r(p). What is m(-7)?
5
Let d(i) be the second derivative of i**4/6 + 13*i**3/6 - 15*i**2 - 2660*i. What is d(2)?
4
Let u be (1/3)/(13/(-234)). Let w(n) be the third derivative of n**7/5040 + n**5/20 + 4*n**2. Let b(x) be the third derivative of w(x). Determine b(u).
-6
Let d(n) = 5*n**2 + 16*n + 40. Let b(o) = -2*o**2 - 8*o - 19. Let y(s) = -7*b(s) - 3*d(s). Suppose -13*i + 15*i + 5*w - 25 = 0, 0 = -3*w + 3. Give y(i).
-7
Let q be (-2 + (-12)/(-9))/(11/(-33)). Let s(x) = -x**3 + 7*x**q - 6 + 14*x + 0*x - 3*x - 3*x - 3*x. What is s(8)?
-30
Let q(o) = 170*o + 1 + 3 - 420*o + 257*o. What is q(-2)?
-10
Let a(p) = -p**3 + 2*p**2 - p + 4. Let f = 11 - 14. Let o be (-1665)/(-30) - (f/2 - -2). Suppose -o*w + 52*w + 9 = 0. What is a(w)?
-8
Let j(z) = 4*z**2 + 361*z - 1128. Let n be j(3). Let u(b) be the first derivative of -b**3/3 - 5*b**2 - 17*b - 1. Determine u(n).
-8
Let f(y) = -y**3 + 6*y**2 + 6. Let d be f(6). Suppose 5*t - d = 4. Let x(w) = 3*w**t - w**2 - 3*w**3 - w**2. What is x(1)?
-2
Let k(v) be the second derivative of v**3/6 + 3*v**2 - 2*v. Suppose -2*u = -2*z + 30, -4*z + 2*z = 3*u - 15. Let r be 22 - 25 - z/2. Calculate k(r).
-3
Let h(n) = n. Suppose 0 = -12*o + 26*o + 1624. Let i = o - -120. Give h(i).
4
Suppose 0 = -i - 0*i - 3*g - 8, 5*i + 5*g = -10. Let p(n) = -15*n + n**2 + i + 19*n - 5. Suppose 25*o = 8*o - 119. What is p(o)?
17
Let f = 5547 + -5553. Let w(d) = -37*d - 213. Calculate w(f).
9
Let i(n) = 3*n + 2. Let r(p) = 7*p + 3. Let g(a) = 9*i(a) - 4*r(a). Let c be 4 - ((-123)/9)/(2/6). Suppose 52 = c*y - 263. What is g(y)?
-1
Let f(g) be the first derivative of -g**3/3 + 9*g**2 + 24*g + 1865. Calculate f(18).
24
Let t(a) = 4*a**2 + 10*a + 2. Let c = -2479 + 2477. Give t(c).
-2
Suppose -4*r + 2 = -6. Let u(m) = 21*m**3 + 8*m**2 + 3*m - 8. Let v(k) = -37*k**3 - 14*k**2 - 5*k + 14. Let x(q) = -7*u(q) - 4*v(q). Give x(r).
6
Let x = -44 + 49. Suppose -4*q + 27 = -x*r, -5*r - 15 = -3*q + 9. Let t(f) = -3*f - f**q + 4 + 1 - f + 0 - 6*f**2. What is t(-5)?
0
Let v = -450 - -488. Suppose 3*g = 2*r + 112, 0 = -0*r - 4*r + 4. Let z = v - g. Let b(t) = -t**3 - t**2 + 5. Determine b(z).
5
Let j(n) = -3*n - 3. Let h(q) = q + 3. Let d(v) = -5*h(v) - 4*j(v). What is d(-6)?
-45
Let s(o) = -o**3 - 3*o**2 + o + 3. Let l be 14/(-21)*((-2)/(-6))/(31/558). Determine s(l).
15
Let m = -28132 - -28138. Let d(v) = 14*v - 97. Calculate d(m).
-13
Suppose 4*y + 51 = 11. Let d(u) = -117*u - 10*u**2 - 5*u**3 + 14 - 115*u + 456*u + 4*u**3 - 102*u - 121*u. Give d(y).
4
Let x(r) be the first derivative of 15*r**2/2 - 5*r - 798. Determine x(3).
40
Let r(a) = 4*a + 67. Let n(m) = -6*m**2 + 59*m + 207. Let c be n(-3). Give r(c).
-29
Let k(c) = 47 - 93*c + 81*c + 38*c. Determine k(-2).
-5
Let x(f) = 3*f + 11 - f + 5*f + 2. Let s be x(-1). Let b(m) be the second derivative of -m**3/6 - m**2 - 2*m. What is b(s)?
-8
Let m(y) = 5*y**2 + 2*y - 87. Let n be m(4). Let q(a) = -a**3 - a**2 - 2*a + 3. Give q(n).
-1
Let h(c) = 7*c**3 - c**